{"id":32,"date":"2013-06-04T09:17:52","date_gmt":"2013-06-04T09:17:52","guid":{"rendered":"http:\/\/example.andthemes.com\/dine-and-drink\/?page_id=32"},"modified":"2016-08-19T16:00:37","modified_gmt":"2016-08-19T14:00:37","slug":"contact-us","status":"publish","type":"page","link":"https:\/\/www.laterrazza-kamen.de\/?page_id=32","title":{"rendered":"Kontakt"},"content":{"rendered":"<p>Wir hei\u00dfen Sie in unserer Pizzeria mit Biergarten willkommen und freuen uns auf Ihren besuch.<\/p>\n<p><iframe loading=\"lazy\" src=\"https:\/\/maps.google.de\/maps?f=q&amp;source=s_q&amp;hl=de&amp;geocode=&amp;q=S%C3%BCdkamener+Stra%C3%9Fe+58,+Kamen&amp;aq=0&amp;oq=s%C3%BCdkamener+stra%C3%9Fe+58&amp;sll=51.427085,7.663989&amp;sspn=5.611135,9.063721&amp;ie=UTF8&amp;hq=&amp;hnear=S%C3%BCdkamener+Stra%C3%9Fe+58,+59174+Kamen&amp;t=m&amp;ll=51.577603,7.656956&amp;spn=0.018669,0.074759&amp;z=14&amp;iwloc=A&amp;output=embed\" width=\"870\" height=\"350\" frameborder=\"0\" marginwidth=\"0\" marginheight=\"0\" scrolling=\"no\"><\/iframe><\/p>\n<p><small><a style=\"color: #0000ff; text-align: left;\" href=\"https:\/\/maps.google.de\/maps?f=q&amp;source=embed&amp;hl=de&amp;geocode=&amp;q=S%C3%BCdkamener+Stra%C3%9Fe+58,+Kamen&amp;aq=0&amp;oq=s%C3%BCdkamener+stra%C3%9Fe+58&amp;sll=51.427085,7.663989&amp;sspn=5.611135,9.063721&amp;ie=UTF8&amp;hq=&amp;hnear=S%C3%BCdkamener+Stra%C3%9Fe+58,+59174+Kamen&amp;t=m&amp;ll=51.577603,7.656956&amp;spn=0.018669,0.074759&amp;z=14&amp;iwloc=A\">Gr\u00f6\u00dfere Kartenansicht<\/a><\/small><\/p>\n<div class=\"two_third\"><div class=\"contact\"><div id=\"node\" style=\"display:none\"><\/div>\n\t<div id=\"contact_success\" style=\"display:none\">\n\t\tYour message has been sent.\n\t<\/div>\n\t<form id=\"contact_me\" name=\"contact_form\" method=\"post\" class=\"clearfix\">\n\t\t<ol class=\"forms\">\n\t\t\t<li><label>Name *<\/label>\n\t\t\t\t<input type=\"text\" name=\"name\" id=\"contact_name\" class=\"require-field\" value=\"\">\n\t\t\t\t<div class=\"contacterror name-error\">* Please enter your name.<\/span>\n\t\t\t<\/li>\n\t\t\t<li><label>E-Mail-Adresse *<\/label>\n\t\t\t\t<input type=\"text\" name=\"email\" id=\"contact_email\" class=\"require-field\" value=\"\">\n\t\t\t\t<div class=\"contacterror email-error\">* Please enter your email.<\/span>\n\t\t\t\t<div class=\"contacterror email-valid\">* Please enter a valid email address.<\/span>\n\t\t\t<\/li>\n\t\t\t<li class=\"textarea\"><label>Message *<\/label>\n\t\t\t\t<textarea name=\"message\" id=\"contact_message\" class=\"require-field\"><\/textarea>\n\t\t\t\t<div class=\"contacterror message-error\">* Please enter the message.<\/span>\n\t\t\t<\/li>\n\t\t\t<li class=\"buttons\">\n\t\t\t\t<input type=\"hidden\" name=\"emailto\" id=\"contact_emailto\" value=\"ForcinitiLuigi74@yahoo.de\">\n\t\t\t\t<input type=\"hidden\" name=\"action\" value=\"contact_me\">\n\t\t\t\t<button type=\"submit\" class=\"contact-submit button\" id=\"contactform-submit\">Absenden<\/button>\n\t\t\t\t<span class=\"contact-loading\" id=\"contact-loading\"><\/span>\n\t\t\t<\/li>\n\t\t<\/ol>\n\t<\/form>\n<\/div>\n\t\t\t<\/div>\n<p><strong>\u00d6ffnungszeiten:<br \/>\n<\/strong>Montags<br \/>\n11:00 &#8211; 15:00 Uhr<br \/>\n17:00 &#8211; 23:00 Uhr<\/p>\n<p>Sonn- und Feiertags<br \/>\n11:00 &#8211; 22:00 Uhr<\/p>\n<p>Mittwochs Ruhetag<strong><br \/>\n<\/strong><\/p>\n<div class=\"loading\" style=\"visibility: hidden;\"><img decoding=\"async\" style=\"margin-right: 5px; opacity: 1; visibility: visible;\" src=\"http:\/\/demo.andthemes.com\/mini-and-mono\/wp-content\/themes\/mini-and-mono\/images\/footer-icon-address_gray.png\" alt=\"\" \/><\/div>\n<p><strong>S\u00fcdkamener Stra\u00dfe 58<\/strong><br \/>\n59174 Kamen<\/p>\n<div class=\"loading\" style=\"visibility: hidden;\"><img decoding=\"async\" style=\"margin-right: 5px; opacity: 1; visibility: visible;\" src=\"http:\/\/demo.andthemes.com\/mini-and-mono\/wp-content\/themes\/mini-and-mono\/images\/footer-icon-telephone_gray.png\" alt=\"\" \/><\/div>\n<p><strong>Telefon :<\/strong> 0 23 07 &#8211; 75 23 0<\/p>\n<p>&nbsp;<\/p>\n","protected":false},"excerpt":{"rendered":"<p>Wir hei\u00dfen Sie in unserer Pizzeria mit Biergarten willkommen und freuen uns auf Ihren besuch. Gr\u00f6\u00dfere Kartenansicht \u00d6ffnungszeiten: Montags 11:00 &#8211; 15:00 Uhr 17:00 &#8211; 23:00 Uhr Sonn- und Feiertags 11:00 &#8211; 22:00 Uhr Mittwochs Ruhetag S\u00fcdkamener Stra\u00dfe 58 59174 Kamen Telefon : 0 23 07 &#8211; 75 23 0 &nbsp;<\/p>\n","protected":false},"author":1,"featured_media":0,"parent":0,"menu_order":0,"comment_status":"closed","ping_status":"open","template":"template-fullwidth.php","meta":{"footnotes":""},"class_list":["post-32","page","type-page","status-publish","hentry"],"_links":{"self":[{"href":"https:\/\/www.laterrazza-kamen.de\/index.php?rest_route=\/wp\/v2\/pages\/32","targetHints":{"allow":["GET"]}}],"collection":[{"href":"https:\/\/www.laterrazza-kamen.de\/index.php?rest_route=\/wp\/v2\/pages"}],"about":[{"href":"https:\/\/www.laterrazza-kamen.de\/index.php?rest_route=\/wp\/v2\/types\/page"}],"author":[{"embeddable":true,"href":"https:\/\/www.laterrazza-kamen.de\/index.php?rest_route=\/wp\/v2\/users\/1"}],"replies":[{"embeddable":true,"href":"https:\/\/www.laterrazza-kamen.de\/index.php?rest_route=%2Fwp%2Fv2%2Fcomments&post=32"}],"version-history":[{"count":16,"href":"https:\/\/www.laterrazza-kamen.de\/index.php?rest_route=\/wp\/v2\/pages\/32\/revisions"}],"predecessor-version":[{"id":528,"href":"https:\/\/www.laterrazza-kamen.de\/index.php?rest_route=\/wp\/v2\/pages\/32\/revisions\/528"}],"wp:attachment":[{"href":"https:\/\/www.laterrazza-kamen.de\/index.php?rest_route=%2Fwp%2Fv2%2Fmedia&parent=32"}],"curies":[{"name":"wp","href":"https:\/\/api.w.org\/{rel}","templated":true}]}}

<p>Wir heißen Sie in unserer Pizzeria mit Biergarten willkommen und freuen uns auf Ihren besuch.</p>
<p><iframe loading="lazy" src="https://maps.google.de/maps?f=q&amp;source=s_q&amp;hl=de&amp;geocode=&amp;q=S%C3%BCdkamener+Stra%C3%9Fe+58,+Kamen&amp;aq=0&amp;oq=s%C3%BCdkamener+stra%C3%9Fe+58&amp;sll=51.427085,7.663989&amp;sspn=5.611135,9.063721&amp;ie=UTF8&amp;hq=&amp;hnear=S%C3%BCdkamener+Stra%C3%9Fe+58,+59174+Kamen&amp;t=m&amp;ll=51.577603,7.656956&amp;spn=0.018669,0.074759&amp;z=14&amp;iwloc=A&amp;output=embed" width="870" height="350" frameborder="0" marginwidth="0" marginheight="0" scrolling="no"></iframe></p>
<p><small><a style="color: #0000ff; text-align: left;" href="https://maps.google.de/maps?f=q&amp;source=embed&amp;hl=de&amp;geocode=&amp;q=S%C3%BCdkamener+Stra%C3%9Fe+58,+Kamen&amp;aq=0&amp;oq=s%C3%BCdkamener+stra%C3%9Fe+58&amp;sll=51.427085,7.663989&amp;sspn=5.611135,9.063721&amp;ie=UTF8&amp;hq=&amp;hnear=S%C3%BCdkamener+Stra%C3%9Fe+58,+59174+Kamen&amp;t=m&amp;ll=51.577603,7.656956&amp;spn=0.018669,0.074759&amp;z=14&amp;iwloc=A">Größere Kartenansicht</a></small></p>
<div class="two_third"><div class="contact"><div id="node" style="display:none"></div>
	<div id="contact_success" style="display:none">
		Your message has been sent.
	</div>
	<form id="contact_me" name="contact_form" method="post" class="clearfix">
		<ol class="forms">
			<li><label>Name *</label>
				<input type="text" name="name" id="contact_name" class="require-field" value="">
				<div class="contacterror name-error">* Please enter your name.</span>
			</li>
			<li><label>E-Mail-Adresse *</label>
				<input type="text" name="email" id="contact_email" class="require-field" value="">
				<div class="contacterror email-error">* Please enter your email.</span>
				<div class="contacterror email-valid">* Please enter a valid email address.</span>
			</li>
			<li class="textarea"><label>Message *</label>
				<textarea name="message" id="contact_message" class="require-field"></textarea>
				<div class="contacterror message-error">* Please enter the message.</span>
			</li>
			<li class="buttons">
				<input type="hidden" name="emailto" id="contact_emailto" value="ForcinitiLuigi74@yahoo.de">
				<input type="hidden" name="action" value="contact_me">
				<button type="submit" class="contact-submit button" id="contactform-submit">Absenden</button>
				<span class="contact-loading" id="contact-loading"></span>
			</li>
		</ol>
	</form>
</div>
			</div>
<p><strong>Öffnungszeiten:<br />
</strong>Montags<br />
11:00 &#8211; 15:00 Uhr<br />
17:00 &#8211; 23:00 Uhr</p>
<p>Sonn- und Feiertags<br />
11:00 &#8211; 22:00 Uhr</p>
<p>Mittwochs Ruhetag<strong><br />
</strong></p>
<div class="loading" style="visibility: hidden;"><img decoding="async" style="margin-right: 5px; opacity: 1; visibility: visible;" src="http://demo.andthemes.com/mini-and-mono/wp-content/themes/mini-and-mono/images/footer-icon-address_gray.png" alt="" /></div>
<p><strong>Südkamener Straße 58</strong><br />
59174 Kamen</p>
<div class="loading" style="visibility: hidden;"><img decoding="async" style="margin-right: 5px; opacity: 1; visibility: visible;" src="http://demo.andthemes.com/mini-and-mono/wp-content/themes/mini-and-mono/images/footer-icon-telephone_gray.png" alt="" /></div>
<p><strong>Telefon :</strong> 0 23 07 &#8211; 75 23 0</p>
<p>&nbsp;</p>

<p>Wir heißen Sie in unserer Pizzeria mit Biergarten willkommen und freuen uns auf Ihren besuch. Größere Kartenansicht Öffnungszeiten: Montags 11:00 &#8211; 15:00 Uhr 17:00 &#8211; 23:00 Uhr Sonn- und Feiertags 11:00 &#8211; 22:00 Uhr Mittwochs Ruhetag Südkamener Straße 58 59174 Kamen Telefon : 0 23 07 &#8211; 75 23 0 &nbsp;</p>
